posite?
False
Let k be (-2471)/(-2)*((-56)/7)/(-4). Suppose 4*y - 5*b = 9816, -y - 6*b + 3*b = -k. Is y composite?
False
Is 5/(-3)*43103250/(-1250) composite?
True
Suppose 3*u + 20 = 26*v - 21*v, -60 = -5*v - 5*u. Suppose 17*z - 15430 = v*z. Is z a prime number?
True
Let a(f) = 7 + 9*f + 2 - 1562*f**3 + 517*f**2 + 288*f**3 - 514*f**2. Is a(-2) a composite number?
True
Suppose -25*p + 15*p = -90. Suppose p*b - 4*b - 5975 = 2*j, 0 = -5*b - 5*j + 5940. Is b a composite number?
False
Let m(o) = o**3 + 28*o**2 - o - 25. Let p be m(-28). Suppose -p*c + 43385 - 11384 = 4*i, 2*c = -3*i + 21335. Is c prime?
True
Suppose -211 = 11*g - 299. Suppose -g*b = 3*b - 6193. Is b prime?
True
Let w = -233 + 253. Suppose w*p = 42*p - 51326. Is p a composite number?
False
Let k = -555 + 2374. Is k a composite number?
True
Let l be 5042/4*(-1 - (0 - 21)). Suppose l + 44072 = 9*u. Suppose 2*t + d = -3*t + 19300, -2*t = -4*d - u. Is t a prime number?
False
Let h be (1887/(-12))/((-3)/(-804)). Let j = -29301 - h. Is j prime?
False
Let r be (2/((-8)/(-14)))/((-3)/318). Let m = 67 + r. Let j = 747 + m. Is j a composite number?
False
Let y(p) = 1431*p - 3791. Is y(82) a composite number?
True
Is ((-9)/45*4918)/((-8)/20) a prime number?
True
Let m(u) = 3*u**3 + 11*u**2 - 23*u + 9. Let d be m(-11). Let z = -1363 - d. Is z prime?
False
Is -12*(-18)/(-36)*(-145738)/4 a prime number?
False
Suppose y = -l + 22862, 2*y + 2*l - 91458 = -2*y. Is y/91 - 4/14 a prime number?
True
Let p(f) = f**2 - 189*f - 1169. Let y be p(-6). Let d(u) be the first derivative of 299*u**4/4 + u**3/3 + u**2/2 - 2*u - 2. Is d(y) a composite number?
True
Suppose 33*y = 34*y - 4*p - 1593567, 7967895 = 5*y - 5*p. Is y a composite number?
False
Suppose -4*z - 4 = -5*n + 5, 0 = 5*n + z - 29. Suppose 5*a = -4*r + 2*r + 14624, r = -5*a + 7302. Suppose s = o - n*o + 5859, -5*o - 3*s + r = 0. Is o prime?
False
Let t(c) be the third derivative of 0 + 1/15*c**5 - 1/2*c**3 + 0*c**4 - 1/30*c**6 + 0*c + 18*c**2. Is t(-4) a composite number?
False
Suppose 0 = 33*z - 47 - 151. Suppose 2740 = z*r + 4*r. Is r prime?
False
Let l = -8463 + 11093. Suppose 2 + 3 = r. Suppose -5*q + l = r*g, g - 3*q - 600 = -94. Is g a prime number?
True
Let j(f) = -4*f - 44. Let z be j(-12). Suppose b = -3*o + 3229, z*o + o - 2*b - 5389 = 0. Is o composite?
True
Suppose -3*p + 263073 = 4*x, -483*x = 5*p - 479*x - 438463. Is p a prime number?
False
Suppose -3*w - 6516 = -5*k + 3596, 0 = 2*w + 8. Let v be (3728/48)/((-1)/(-39)). Let c = v - k. Is c a prime number?
True
Let n(o) = -2*o**2 - 6*o + 4. Let x be n(-2). Suppose 2*u - 134505 = 3*m - x*m, 0 = -5*u + 25. Is m composite?
True
Let n = -2 + 6. Let b be (1/1)/((-1)/(-4)). Suppose -163 = -5*u + 2*k, k = -n*u + b*k + 129. Is u prime?
False
Let p = 592494 - -328115. Is p a prime number?
True
Is (-4)/1 - 58/(174/(-588393)) composite?
True
Let v(l) = l**2 - 3*l - 1. Let r be v(4). Suppose -3*u + 22 = 4*k, -16 = -r*u + 2*k - 0. Suppose 687 + 1803 = u*s. Is s composite?
True
Let p(h) = -h**3 - 7*h**2 - 4*h + 4. Suppose -5*t - 24 = -2*z, 5*z - 2 = 3*t + 1. Let a be p(t). Is (-2)/16 + (-1737)/a composite?
True
Let w be 33/3 + 3 + -3. Suppose s - 4*s + 50 = 5*z, 0 = -4*z - 2*s + 38. Suppose 0 = -z*b + w*b - 3460. Is b prime?
False
Let g = 18 - 53. Let q = g + 53. Suppose q*z + 1497 = 21*z. Is z prime?
True
Let h = -70432 - -147131. Is h a composite number?
True
Suppose 0 = -2*n + 5*k + 173365 + 328764, 2*n - k - 502149 = 0. Is n a prime number?
False
Let k = -4162 + 8235. Is k a prime number?
True
Suppose 218*d - 78*d + 7202143 - 73872803 = 0. Is d a prime number?
True
Let r(z) = 3*z**3 - 58*z**2 - 79*z + 859. Is r(46) a composite number?
True
Suppose 0*p = 5*p + 4*f - 31, 5*f = -3*p + 29. Suppose -l - 15511 = -3*l + 5*i, 3*l - p*i - 23262 = 0. Is l composite?
False
Let w(y) = -y**3 + 82*y**2 + 71*y - 683. Is w(75) prime?
True
Let k(o) be the second derivative of 289*o**3/2 - 199*o**2/2 - 11*o - 3. Is k(8) prime?
True
Suppose 15 - 55 = -10*o. Suppose z - 9 = -2*z, -o*d + 4*z = -300. Suppose -1181 = d*x - 79*x. Is x prime?
True
Let k = -97 - -88. Let v be (3 - -1) + (-11 - k). Suppose 1 = d, 0 = -7*x + 3*x + v*d + 470. Is x composite?
True
Suppose -120*g = -118*g - m - 548384, -4*g + 3*m = -1096770. Is g a prime number?
False
Let d = -112 - -112. Let p be (d + 1)*217*-1. Let r = -148 - p. Is r a prime number?
False
Suppose y + 4*c - 34 = 3*y, 0 = y - 5*c + 26. Let l = y + 8. Let m(v) = 36*v**2 - 2*v + 5. Is m(l) a composite number?
True
Suppose 13*k - 1005070 = 3081701. Is k composite?
True
Suppose -366 - 4582 = 3*d - t, 5*d + 2*t = -8254. Let f = -1108 - d. Is f composite?
True
Let s(d) = 22*d**2 + 23*d - 2. Let v = 128 + -227. Let p = v - -88. Is s(p) a composite number?
True
Let z(d) = -4798*d + 2314. Is z(-6) composite?
True
Let r = -20461 - -50240. Is r composite?
True
Suppose -2*g + 9 = 57. Let b be (2 + -509)/(36/g). Let d = b - -219. Is d composite?
False
Is (8/(-6))/(126/189) + 1*86071 prime?
True
Is (234/(-324) - (-6)/27)/((-5)/229310) composite?
True
Let p(c) = -3501*c + 27. Let k be p(-12). Is (-4)/14 + k/63 a prime number?
False
Suppose 0 = -19*s + 16*s + 27. Suppose -s*i = 9*i - 20*i. Suppose i = 4*t - 5*t + 697. Is t a composite number?
True
Let k(b) = 64*b**3 - 16*b**2 + 22*b - 21. Is k(10) composite?
True
Is (1718888/48 + 19/3)/(2/4) a prime number?
True
Let q(j) = 8405*j**2 - 19*j - 18. Let s be q(-1). Suppose -h + s = -b, 4*h - h - 4*b - 25217 = 0. Is h a prime number?
False
Is (316 - -24394) + -4 + -1 + 2 a composite number?
True
Let v(t) = 38*t**3 + 7*t**2 + 33*t - 237. Is v(20) prime?
False
Let u = -17678 + 136509. Is u prime?
True
Suppose -6*z + 10*z = -36. Let n be z/2 + (-18)/12. Is ((-2)/3)/(n/(-9))*-1211 prime?
False
Let m be (1 - 3)*3/(-6)*-16. Let u(w) = 26*w**2 + 51*w - 19. Is u(m) composite?
False
Let u(s) = 65*s - 3852*s - 1829*s - 4 + 25. Is u(-3) prime?
False
Let x(h) = -h**2 + 11*h - 20. Let i(d) = d - 3. Let z be i(12). Let p be x(z). Is -4591*(3 + -2 + p) prime?
True
Let m(d) = -18453*d + 2. Let x be m(-1). Suppose 5*c - x = s, -s = 4*c + 2*s - 14764. Is c composite?
False
Let p(r) = -2*r**3 + 2*r**2 + 5*r + 17. Let t be p(0). Is t/(5 + (-2758)/553) a prime number?
False
Let n be (-934)/(1*(-6)/(-51)). Let w = -3218 - n. Suppose 2*x + 5*f - 1828 = 0, -5*x + w = -5*f + 116. Is x composite?
False
Suppose k = 3*g + 2062, 4*k + 8*g = 3*g + 8180. Suppose -4*q - 4*u = -5072, 2*q - 3*u = k + 511. Is q composite?
True
Let c(x) = -18*x - 38. Let t be c(-2). Let s(a) = -577*a**3 - 2*a**2 - 8*a - 3. Is s(t) prime?
True
Suppose 24911 = 4*m + 5847. Suppose 2522 = -4*p + 5*x + 8918, -4*x = 3*p - m. Is p a composite number?
True
Let u(l) = 1102*l**2 - 5*l + 5. Let m(y) = -2204*y**2 + 11*y - 10. Let r(s) = 3*m(s) + 7*u(s). Let t be r(-2). Suppose 6*g + 1351 = t. Is g prime?
False
Suppose 0 = 5*a - 0. Suppose 0 = 3*i - 2*m + 1 - 6, -i + 3*m - 10 = a. Suppose 5*v + 4*h - 5601 = 2*h, -5*v + i*h + 5615 = 0. Is v composite?
True
Let k be 5*3 - (-11 + 13). Let q(h) = h**3 - 14*h**2 + 12*h + 11. Let v be q(k). Is 166 - 49 - (v + 1)*2 prime?
False
Let i(n) = -n**3 - 4*n**2 + 8*n - 1. Suppose 11*q - 12 = 13*q. Let j be i(q). Suppose 2*h + 2941 = 5*x, 3*x + h - j = 1735. Is x prime?
True
Suppose 6*t + 63641 = 11261. Let n = 13955 + t. Suppose -1038 = -r + z, -n = -5*r - 4*z + 2*z. Is r a composite number?
True
Suppose -1091 + 224785 = 3*k + 5*a, -4*k - 3*a = -298255. Is k a prime number?
False
Let f = 59 - 41. Suppose 2 + f = 10*s. Suppose s*m - 3155 = -3*m. Is m composite?
False
Let r = 200525 - -27396. Is r composite?
True
Suppose m + 2*x = -3*x - 5, -5*x - 25 = -3*m. Suppose -253 - 1422 = m*n. Let q = n - -594. Is q a prime number?
False
Suppose 19364 = 6*l - 17638. Suppose -2*p = 4*s - 1373 - 1107, -s - l = -5*p. Suppose -2*t - p = -2*k, 4*k - 1242 = 2*k + 4*t. Is k a prime number?
True
Suppose 5*s - 3*h - 951200 = 0, 68*h - 72*h - 951195 = -5*s. Is s a composite number?
False
Suppose 19099 = -3*f - 43259. Let i = -10627 - f. Is i a prime number?
True
Let u(b) = 2050*b - 977. Is u(28) prime?
False
Let h = 6147 - 3426. Let x be (5 + 1)/(-3) - -2. Suppose x = -5*j + 4*t + h, -t - 2176 = -4*j + 2*t. Is j composite?
False
Let n(c) = 917*c + 2423. Is n(10) composite?
False
Let z be -1